{"id":524,"date":"2023-07-04T14:13:37","date_gmt":"2023-07-04T14:13:37","guid":{"rendered":"https:\/\/deporvida.com.py\/?page_id=524"},"modified":"2023-07-12T21:17:42","modified_gmt":"2023-07-12T21:17:42","slug":"blog","status":"publish","type":"page","link":"https:\/\/deporvida.com.py\/index.php\/blog\/","title":{"rendered":"Blog"},"content":{"rendered":"\t\t<div data-elementor-type=\"wp-page\" data-elementor-id=\"524\" class=\"elementor elementor-524\" data-elementor-post-type=\"page\">\n\t\t\t\t\t\t<section class=\"elementor-section elementor-top-section elementor-element elementor-element-8dd6d15 elementor-section-boxed elementor-section-height-default elementor-section-height-default\" data-id=\"8dd6d15\" data-element_type=\"section\" data-e-type=\"section\" data-settings=\"{&quot;background_background&quot;:&quot;classic&quot;}\">\n\t\t\t\t\t\t<div class=\"elementor-container elementor-column-gap-default\">\n\t\t\t\t\t<div class=\"elementor-column elementor-col-100 elementor-top-column elementor-element elementor-element-ec333d9\" data-id=\"ec333d9\" data-element_type=\"column\" data-e-type=\"column\">\n\t\t\t<div class=\"elementor-widget-wrap elementor-element-populated\">\n\t\t\t\t\t\t<div class=\"elementor-element elementor-element-dc380e6 elementor-widget elementor-widget-heading\" data-id=\"dc380e6\" data-element_type=\"widget\" data-e-type=\"widget\" data-widget_type=\"heading.default\">\n\t\t\t\t<div class=\"elementor-widget-container\">\n\t\t\t\t\t<h2 class=\"elementor-heading-title elementor-size-default\">Avisos, Post, Blogs, Galer\u00edas<\/h2>\t\t\t\t<\/div>\n\t\t\t\t<\/div>\n\t\t\t\t\t<\/div>\n\t\t<\/div>\n\t\t\t\t\t<\/div>\n\t\t<\/section>\n\t\t\t\t<section class=\"elementor-section elementor-top-section elementor-element elementor-element-c465ea7 elementor-section-boxed elementor-section-height-default elementor-section-height-default\" data-id=\"c465ea7\" data-element_type=\"section\" data-e-type=\"section\" data-settings=\"{&quot;background_background&quot;:&quot;classic&quot;}\">\n\t\t\t\t\t\t<div class=\"elementor-container elementor-column-gap-default\">\n\t\t\t\t\t<div class=\"elementor-column elementor-col-100 elementor-top-column elementor-element elementor-element-841fdd1\" data-id=\"841fdd1\" data-element_type=\"column\" data-e-type=\"column\">\n\t\t\t<div class=\"elementor-widget-wrap elementor-element-populated\">\n\t\t\t\t\t\t<div class=\"elementor-element elementor-element-04928b5 elementor-grid-3 elementor-grid-tablet-2 elementor-grid-mobile-1 elementor-posts--thumbnail-top elementor-card-shadow-yes elementor-posts__hover-gradient elementor-widget elementor-widget-posts\" data-id=\"04928b5\" data-element_type=\"widget\" data-e-type=\"widget\" data-settings=\"{&quot;pagination_type&quot;:&quot;numbers_and_prev_next&quot;,&quot;cards_columns&quot;:&quot;3&quot;,&quot;cards_columns_tablet&quot;:&quot;2&quot;,&quot;cards_columns_mobile&quot;:&quot;1&quot;,&quot;cards_row_gap&quot;:{&quot;unit&quot;:&quot;px&quot;,&quot;size&quot;:35,&quot;sizes&quot;:[]},&quot;cards_row_gap_tablet&quot;:{&quot;unit&quot;:&quot;px&quot;,&quot;size&quot;:&quot;&quot;,&quot;sizes&quot;:[]},&quot;cards_row_gap_mobile&quot;:{&quot;unit&quot;:&quot;px&quot;,&quot;size&quot;:&quot;&quot;,&quot;sizes&quot;:[]}}\" data-widget_type=\"posts.cards\">\n\t\t\t\t<div class=\"elementor-widget-container\">\n\t\t\t\t\t\t\t<div class=\"elementor-posts-container elementor-posts elementor-posts--skin-cards elementor-grid\">\n\t\t\t\t<article class=\"elementor-post elementor-grid-item post-1126 post type-post status-publish format-standard has-post-thumbnail hentry category-noticia\">\n\t\t\t<div class=\"elementor-post__card\">\n\t\t\t\t<a class=\"elementor-post__thumbnail__link\" href=\"https:\/\/deporvida.com.py\/index.php\/2025\/08\/02\/abdiez-vestira-a-deporvida\/\" tabindex=\"-1\" ><div class=\"elementor-post__thumbnail\"><img fetchpriority=\"high\" decoding=\"async\" width=\"300\" height=\"225\" src=\"https:\/\/deporvida.com.py\/wp-content\/uploads\/2025\/08\/WhatsApp-Image-2025-07-31-at-15.05.11-300x225.jpeg\" class=\"attachment-medium size-medium wp-image-1127\" alt=\"\" srcset=\"https:\/\/deporvida.com.py\/wp-content\/uploads\/2025\/08\/WhatsApp-Image-2025-07-31-at-15.05.11-300x225.jpeg 300w, https:\/\/deporvida.com.py\/wp-content\/uploads\/2025\/08\/WhatsApp-Image-2025-07-31-at-15.05.11-1024x768.jpeg 1024w, https:\/\/deporvida.com.py\/wp-content\/uploads\/2025\/08\/WhatsApp-Image-2025-07-31-at-15.05.11-768x576.jpeg 768w, https:\/\/deporvida.com.py\/wp-content\/uploads\/2025\/08\/WhatsApp-Image-2025-07-31-at-15.05.11-1536x1152.jpeg 1536w, https:\/\/deporvida.com.py\/wp-content\/uploads\/2025\/08\/WhatsApp-Image-2025-07-31-at-15.05.11-2048x1536.jpeg 2048w\" sizes=\"(max-width: 300px) 100vw, 300px\" \/><\/div><\/a>\n\t\t\t\t<div class=\"elementor-post__badge\">Noticia<\/div>\n\t\t\t\t<div class=\"elementor-post__text\">\n\t\t\t\t<h3 class=\"elementor-post__title\">\n\t\t\t<a href=\"https:\/\/deporvida.com.py\/index.php\/2025\/08\/02\/abdiez-vestira-a-deporvida\/\" >\n\t\t\t\tAbdiez vestir\u00e1 a Deporvida\t\t\t<\/a>\n\t\t<\/h3>\n\t\t\t\t<div class=\"elementor-post__excerpt\">\n\t\t\t<p>Abdiez vestir\u00e1 a Deporvida desde agosto del 2025.<\/p>\n\t\t<\/div>\n\t\t\n\t\t<a class=\"elementor-post__read-more\" href=\"https:\/\/deporvida.com.py\/index.php\/2025\/08\/02\/abdiez-vestira-a-deporvida\/\" aria-label=\"Read more about Abdiez vestir\u00e1 a Deporvida\" tabindex=\"-1\" >\n\t\t\tLeer M\u00e1s\u00bb\t\t<\/a>\n\n\t\t\t\t<\/div>\n\t\t\t\t<div class=\"elementor-post__meta-data\">\n\t\t\t\t\t<span class=\"elementor-post-date\">\n\t\t\tagosto 2, 2025\t\t<\/span>\n\t\t\t\t<\/div>\n\t\t\t\t\t<\/div>\n\t\t<\/article>\n\t\t\t\t<article class=\"elementor-post elementor-grid-item post-1119 post type-post status-publish format-standard has-post-thumbnail hentry category-noticia\">\n\t\t\t<div class=\"elementor-post__card\">\n\t\t\t\t<a class=\"elementor-post__thumbnail__link\" href=\"https:\/\/deporvida.com.py\/index.php\/2025\/07\/17\/segundo-semestre-con-mucho-futbol\/\" tabindex=\"-1\" ><div class=\"elementor-post__thumbnail\"><img decoding=\"async\" width=\"300\" height=\"169\" src=\"https:\/\/deporvida.com.py\/wp-content\/uploads\/2025\/07\/WhatsApp-Image-2025-07-15-at-14.44.36-edited-1-300x169.jpeg\" class=\"attachment-medium size-medium wp-image-1122\" alt=\"\" srcset=\"https:\/\/deporvida.com.py\/wp-content\/uploads\/2025\/07\/WhatsApp-Image-2025-07-15-at-14.44.36-edited-1-300x169.jpeg 300w, https:\/\/deporvida.com.py\/wp-content\/uploads\/2025\/07\/WhatsApp-Image-2025-07-15-at-14.44.36-edited-1-1024x576.jpeg 1024w, https:\/\/deporvida.com.py\/wp-content\/uploads\/2025\/07\/WhatsApp-Image-2025-07-15-at-14.44.36-edited-1-768x432.jpeg 768w, https:\/\/deporvida.com.py\/wp-content\/uploads\/2025\/07\/WhatsApp-Image-2025-07-15-at-14.44.36-edited-1.jpeg 1199w\" sizes=\"(max-width: 300px) 100vw, 300px\" \/><\/div><\/a>\n\t\t\t\t<div class=\"elementor-post__badge\">Noticia<\/div>\n\t\t\t\t<div class=\"elementor-post__text\">\n\t\t\t\t<h3 class=\"elementor-post__title\">\n\t\t\t<a href=\"https:\/\/deporvida.com.py\/index.php\/2025\/07\/17\/segundo-semestre-con-mucho-futbol\/\" >\n\t\t\t\tSegundo semestre con mucho f\u00fatbol\t\t\t<\/a>\n\t\t<\/h3>\n\t\t\t\t<div class=\"elementor-post__excerpt\">\n\t\t\t<p>El segundo semestre ya inici\u00f3 con todo. Cientos de ni\u00f1os disfrutan de jornadas deportivas en diferentes partes del pa\u00eds. Para Deporvida, las competencias infantiles son<\/p>\n\t\t<\/div>\n\t\t\n\t\t<a class=\"elementor-post__read-more\" href=\"https:\/\/deporvida.com.py\/index.php\/2025\/07\/17\/segundo-semestre-con-mucho-futbol\/\" aria-label=\"Read more about Segundo semestre con mucho f\u00fatbol\" tabindex=\"-1\" >\n\t\t\tLeer M\u00e1s\u00bb\t\t<\/a>\n\n\t\t\t\t<\/div>\n\t\t\t\t<div class=\"elementor-post__meta-data\">\n\t\t\t\t\t<span class=\"elementor-post-date\">\n\t\t\tjulio 17, 2025\t\t<\/span>\n\t\t\t\t<\/div>\n\t\t\t\t\t<\/div>\n\t\t<\/article>\n\t\t\t\t<article class=\"elementor-post elementor-grid-item post-1112 post type-post status-publish format-standard has-post-thumbnail hentry category-noticia tag-deporte tag-voley\">\n\t\t\t<div class=\"elementor-post__card\">\n\t\t\t\t<a class=\"elementor-post__thumbnail__link\" href=\"https:\/\/deporvida.com.py\/index.php\/2025\/07\/02\/deporvida-se-convierte-en-sponsor\/\" tabindex=\"-1\" ><div class=\"elementor-post__thumbnail\"><img decoding=\"async\" width=\"300\" height=\"200\" src=\"https:\/\/deporvida.com.py\/wp-content\/uploads\/2025\/07\/WhatsApp-Image-2025-07-02-at-14.24.39-1-300x200.jpeg\" class=\"attachment-medium size-medium wp-image-1116\" alt=\"\" srcset=\"https:\/\/deporvida.com.py\/wp-content\/uploads\/2025\/07\/WhatsApp-Image-2025-07-02-at-14.24.39-1-300x200.jpeg 300w, https:\/\/deporvida.com.py\/wp-content\/uploads\/2025\/07\/WhatsApp-Image-2025-07-02-at-14.24.39-1-1024x683.jpeg 1024w, https:\/\/deporvida.com.py\/wp-content\/uploads\/2025\/07\/WhatsApp-Image-2025-07-02-at-14.24.39-1-768x512.jpeg 768w, https:\/\/deporvida.com.py\/wp-content\/uploads\/2025\/07\/WhatsApp-Image-2025-07-02-at-14.24.39-1-1536x1024.jpeg 1536w, https:\/\/deporvida.com.py\/wp-content\/uploads\/2025\/07\/WhatsApp-Image-2025-07-02-at-14.24.39-1-2048x1365.jpeg 2048w\" sizes=\"(max-width: 300px) 100vw, 300px\" \/><\/div><\/a>\n\t\t\t\t<div class=\"elementor-post__badge\">Noticia<\/div>\n\t\t\t\t<div class=\"elementor-post__text\">\n\t\t\t\t<h3 class=\"elementor-post__title\">\n\t\t\t<a href=\"https:\/\/deporvida.com.py\/index.php\/2025\/07\/02\/deporvida-se-convierte-en-sponsor\/\" >\n\t\t\t\tDeporvida se convierte en sponsor\t\t\t<\/a>\n\t\t<\/h3>\n\t\t\t\t<div class=\"elementor-post__excerpt\">\n\t\t\t<p>Por primera vez en su historia, Deporvida se convierte en un sponsor de una organizaci\u00f3n deportiva como la FPV.<\/p>\n\t\t<\/div>\n\t\t\n\t\t<a class=\"elementor-post__read-more\" href=\"https:\/\/deporvida.com.py\/index.php\/2025\/07\/02\/deporvida-se-convierte-en-sponsor\/\" aria-label=\"Read more about Deporvida se convierte en sponsor\" tabindex=\"-1\" >\n\t\t\tLeer M\u00e1s\u00bb\t\t<\/a>\n\n\t\t\t\t<\/div>\n\t\t\t\t<div class=\"elementor-post__meta-data\">\n\t\t\t\t\t<span class=\"elementor-post-date\">\n\t\t\tjulio 2, 2025\t\t<\/span>\n\t\t\t\t<\/div>\n\t\t\t\t\t<\/div>\n\t\t<\/article>\n\t\t\t\t<article class=\"elementor-post elementor-grid-item post-1107 post type-post status-publish format-standard has-post-thumbnail hentry category-noticia\">\n\t\t\t<div class=\"elementor-post__card\">\n\t\t\t\t<a class=\"elementor-post__thumbnail__link\" href=\"https:\/\/deporvida.com.py\/index.php\/2025\/06\/27\/deporvida-renueva-su-imagen-por-que\/\" tabindex=\"-1\" ><div class=\"elementor-post__thumbnail\"><img loading=\"lazy\" decoding=\"async\" width=\"300\" height=\"150\" src=\"https:\/\/deporvida.com.py\/wp-content\/uploads\/2025\/06\/Deporvida-1-300x150.png\" class=\"attachment-medium size-medium wp-image-1109\" alt=\"\" srcset=\"https:\/\/deporvida.com.py\/wp-content\/uploads\/2025\/06\/Deporvida-1-300x150.png 300w, https:\/\/deporvida.com.py\/wp-content\/uploads\/2025\/06\/Deporvida-1-1024x512.png 1024w, https:\/\/deporvida.com.py\/wp-content\/uploads\/2025\/06\/Deporvida-1-768x384.png 768w, https:\/\/deporvida.com.py\/wp-content\/uploads\/2025\/06\/Deporvida-1-1536x768.png 1536w, https:\/\/deporvida.com.py\/wp-content\/uploads\/2025\/06\/Deporvida-1-2048x1024.png 2048w\" sizes=\"(max-width: 300px) 100vw, 300px\" \/><\/div><\/a>\n\t\t\t\t<div class=\"elementor-post__badge\">Noticia<\/div>\n\t\t\t\t<div class=\"elementor-post__text\">\n\t\t\t\t<h3 class=\"elementor-post__title\">\n\t\t\t<a href=\"https:\/\/deporvida.com.py\/index.php\/2025\/06\/27\/deporvida-renueva-su-imagen-por-que\/\" >\n\t\t\t\tDeporvida renueva su imagen &#8211; \u00bfPor qu\u00e9?\t\t\t<\/a>\n\t\t<\/h3>\n\t\t\t\t<div class=\"elementor-post__excerpt\">\n\t\t\t<p>A partir de julio, ver\u00e1s a Deporvida con una nueva imagen. Eso, \u00bfa qu\u00e9 se debe? Como quiz\u00e1s sabes, Deporvida pertenece a la Fundaci\u00f3n Jes\u00fas<\/p>\n\t\t<\/div>\n\t\t\n\t\t<a class=\"elementor-post__read-more\" href=\"https:\/\/deporvida.com.py\/index.php\/2025\/06\/27\/deporvida-renueva-su-imagen-por-que\/\" aria-label=\"Read more about Deporvida renueva su imagen &#8211; \u00bfPor qu\u00e9?\" tabindex=\"-1\" >\n\t\t\tLeer M\u00e1s\u00bb\t\t<\/a>\n\n\t\t\t\t<\/div>\n\t\t\t\t<div class=\"elementor-post__meta-data\">\n\t\t\t\t\t<span class=\"elementor-post-date\">\n\t\t\tjunio 27, 2025\t\t<\/span>\n\t\t\t\t<\/div>\n\t\t\t\t\t<\/div>\n\t\t<\/article>\n\t\t\t\t<article class=\"elementor-post elementor-grid-item post-1093 post type-post status-publish format-standard has-post-thumbnail hentry category-noticia\">\n\t\t\t<div class=\"elementor-post__card\">\n\t\t\t\t<a class=\"elementor-post__thumbnail__link\" href=\"https:\/\/deporvida.com.py\/index.php\/2024\/03\/22\/inicio-la-liga-deporvida-2024\/\" tabindex=\"-1\" ><div class=\"elementor-post__thumbnail\"><img loading=\"lazy\" decoding=\"async\" width=\"300\" height=\"200\" src=\"https:\/\/deporvida.com.py\/wp-content\/uploads\/2024\/03\/402878520_738997078259193_5340909641321410289_n-1-300x200.jpg\" class=\"attachment-medium size-medium wp-image-1094\" alt=\"\" srcset=\"https:\/\/deporvida.com.py\/wp-content\/uploads\/2024\/03\/402878520_738997078259193_5340909641321410289_n-1-300x200.jpg 300w, https:\/\/deporvida.com.py\/wp-content\/uploads\/2024\/03\/402878520_738997078259193_5340909641321410289_n-1.jpg 400w\" sizes=\"(max-width: 300px) 100vw, 300px\" \/><\/div><\/a>\n\t\t\t\t<div class=\"elementor-post__badge\">Noticia<\/div>\n\t\t\t\t<div class=\"elementor-post__text\">\n\t\t\t\t<h3 class=\"elementor-post__title\">\n\t\t\t<a href=\"https:\/\/deporvida.com.py\/index.php\/2024\/03\/22\/inicio-la-liga-deporvida-2024\/\" >\n\t\t\t\tInici\u00f3 la Liga Deporvida 2024\t\t\t<\/a>\n\t\t<\/h3>\n\t\t\t\t<div class=\"elementor-post__excerpt\">\n\t\t\t<p>\u00a1Por fin lleg\u00f3 el d\u00eda tan esperado! El s\u00e1bado 16 de marzo inici\u00f3 la Liga Deporvida 2024 en la zona Central. Fueron 20 partidos que<\/p>\n\t\t<\/div>\n\t\t\n\t\t<a class=\"elementor-post__read-more\" href=\"https:\/\/deporvida.com.py\/index.php\/2024\/03\/22\/inicio-la-liga-deporvida-2024\/\" aria-label=\"Read more about Inici\u00f3 la Liga Deporvida 2024\" tabindex=\"-1\" >\n\t\t\tLeer M\u00e1s\u00bb\t\t<\/a>\n\n\t\t\t\t<\/div>\n\t\t\t\t<div class=\"elementor-post__meta-data\">\n\t\t\t\t\t<span class=\"elementor-post-date\">\n\t\t\tmarzo 22, 2024\t\t<\/span>\n\t\t\t\t<\/div>\n\t\t\t\t\t<\/div>\n\t\t<\/article>\n\t\t\t\t<article class=\"elementor-post elementor-grid-item post-1088 post type-post status-publish format-standard has-post-thumbnail hentry category-articulos\">\n\t\t\t<div class=\"elementor-post__card\">\n\t\t\t\t<a class=\"elementor-post__thumbnail__link\" href=\"https:\/\/deporvida.com.py\/index.php\/2024\/03\/18\/1088\/\" tabindex=\"-1\" ><div class=\"elementor-post__thumbnail\"><img loading=\"lazy\" decoding=\"async\" width=\"300\" height=\"200\" src=\"https:\/\/deporvida.com.py\/wp-content\/uploads\/2024\/03\/401800798_738996038259297_352041395360105097_n-1-300x200.jpg\" class=\"attachment-medium size-medium wp-image-1089\" alt=\"\" srcset=\"https:\/\/deporvida.com.py\/wp-content\/uploads\/2024\/03\/401800798_738996038259297_352041395360105097_n-1-300x200.jpg 300w, https:\/\/deporvida.com.py\/wp-content\/uploads\/2024\/03\/401800798_738996038259297_352041395360105097_n-1.jpg 400w\" sizes=\"(max-width: 300px) 100vw, 300px\" \/><\/div><\/a>\n\t\t\t\t<div class=\"elementor-post__badge\">Art\u00edculo<\/div>\n\t\t\t\t<div class=\"elementor-post__text\">\n\t\t\t\t<h3 class=\"elementor-post__title\">\n\t\t\t<a href=\"https:\/\/deporvida.com.py\/index.php\/2024\/03\/18\/1088\/\" >\n\t\t\t\t\u00bfPor qu\u00e9 debe formarse un formador?\t\t\t<\/a>\n\t\t<\/h3>\n\t\t\t\t<div class=\"elementor-post__excerpt\">\n\t\t\t<p>Todos los que tenemos alg\u00fan contacto con ni\u00f1os formamos, estemos conscientes de eso o no. Lo hacemos para bien o para mal y as\u00ed funciona<\/p>\n\t\t<\/div>\n\t\t\n\t\t<a class=\"elementor-post__read-more\" href=\"https:\/\/deporvida.com.py\/index.php\/2024\/03\/18\/1088\/\" aria-label=\"Read more about \u00bfPor qu\u00e9 debe formarse un formador?\" tabindex=\"-1\" >\n\t\t\tLeer M\u00e1s\u00bb\t\t<\/a>\n\n\t\t\t\t<\/div>\n\t\t\t\t<div class=\"elementor-post__meta-data\">\n\t\t\t\t\t<span class=\"elementor-post-date\">\n\t\t\tmarzo 18, 2024\t\t<\/span>\n\t\t\t\t<\/div>\n\t\t\t\t\t<\/div>\n\t\t<\/article>\n\t\t\t\t<\/div>\n\t\t\n\t\t\t\t<div class=\"e-load-more-anchor\" data-page=\"1\" data-max-page=\"4\" data-next-page=\"https:\/\/deporvida.com.py\/index.php\/wp-json\/wp\/v2\/pages\/524\/page\/2\/\"><\/div>\n\t\t\t\t<nav class=\"elementor-pagination\" aria-label=\"Pagination\">\n\t\t\t<span class=\"page-numbers prev\">&laquo; Previous<\/span>\n<span aria-current=\"page\" class=\"page-numbers current\"><span class=\"elementor-screen-only\">Page<\/span>1<\/span>\n<a class=\"page-numbers\" href=\"https:\/\/deporvida.com.py\/index.php\/wp-json\/wp\/v2\/pages\/524\/page\/2\/\"><span class=\"elementor-screen-only\">Page<\/span>2<\/a>\n<a class=\"page-numbers\" href=\"https:\/\/deporvida.com.py\/index.php\/wp-json\/wp\/v2\/pages\/524\/page\/3\/\"><span class=\"elementor-screen-only\">Page<\/span>3<\/a>\n<a class=\"page-numbers\" href=\"https:\/\/deporvida.com.py\/index.php\/wp-json\/wp\/v2\/pages\/524\/page\/4\/\"><span class=\"elementor-screen-only\">Page<\/span>4<\/a>\n<a class=\"page-numbers next\" href=\"https:\/\/deporvida.com.py\/index.php\/wp-json\/wp\/v2\/pages\/524\/page\/2\/\">Next &raquo;<\/a>\t\t<\/nav>\n\t\t\t\t\t\t<\/div>\n\t\t\t\t<\/div>\n\t\t\t\t\t<\/div>\n\t\t<\/div>\n\t\t\t\t\t<\/div>\n\t\t<\/section>\n\t\t\t\t<\/div>\n\t\t","protected":false},"excerpt":{"rendered":"<p>Avisos, Post, Blogs, Galer\u00edas<\/p>\n","protected":false},"author":1,"featured_media":0,"parent":0,"menu_order":0,"comment_status":"closed","ping_status":"closed","template":"","meta":{"site-sidebar-layout":"no-sidebar","site-content-layout":"page-builder","ast-site-content-layout":"default","site-content-style":"default","site-sidebar-style":"default","ast-global-header-display":"","ast-banner-title-visibility":"","ast-main-header-display":"","ast-hfb-above-header-display":"","ast-hfb-below-header-display":"","ast-hfb-mobile-header-display":"","site-post-title":"disabled","ast-breadcrumbs-content":"","ast-featured-img":"disabled","footer-sml-layout":"","theme-transparent-header-meta":"","adv-header-id-meta":"","stick-header-meta":"","header-above-stick-meta":"","header-main-stick-meta":"","header-below-stick-meta":"","astra-migrate-meta-layouts":"default","ast-page-background-enabled":"default","ast-page-background-meta":{"desktop":{"background-color":"var(--ast-global-color-4)","background-image":"","background-repeat":"repeat","background-position":"center center","background-size":"auto","background-attachment":"scroll","background-type":"","background-media":"","overlay-type":"","overlay-color":"","overlay-opacity":"","overlay-gradient":""},"tablet":{"background-color":"","background-image":"","background-repeat":"repeat","background-position":"center center","background-size":"auto","background-attachment":"scroll","background-type":"","background-media":"","overlay-type":"","overlay-color":"","overlay-opacity":"","overlay-gradient":""},"mobile":{"background-color":"","background-image":"","background-repeat":"repeat","background-position":"center center","background-size":"auto","background-attachment":"scroll","background-type":"","background-media":"","overlay-type":"","overlay-color":"","overlay-opacity":"","overlay-gradient":""}},"ast-content-background-meta":{"desktop":{"background-color":"var(--ast-global-color-5)","background-image":"","background-repeat":"repeat","background-position":"center center","background-size":"auto","background-attachment":"scroll","background-type":"","background-media":"","overlay-type":"","overlay-color":"","overlay-opacity":"","overlay-gradient":""},"tablet":{"background-color":"var(--ast-global-color-5)","background-image":"","background-repeat":"repeat","background-position":"center center","background-size":"auto","background-attachment":"scroll","background-type":"","background-media":"","overlay-type":"","overlay-color":"","overlay-opacity":"","overlay-gradient":""},"mobile":{"background-color":"var(--ast-global-color-5)","background-image":"","background-repeat":"repeat","background-position":"center center","background-size":"auto","background-attachment":"scroll","background-type":"","background-media":"","overlay-type":"","overlay-color":"","overlay-opacity":"","overlay-gradient":""}},"footnotes":""},"class_list":["post-524","page","type-page","status-publish","hentry"],"_links":{"self":[{"href":"https:\/\/deporvida.com.py\/index.php\/wp-json\/wp\/v2\/pages\/524","targetHints":{"allow":["GET"]}}],"collection":[{"href":"https:\/\/deporvida.com.py\/index.php\/wp-json\/wp\/v2\/pages"}],"about":[{"href":"https:\/\/deporvida.com.py\/index.php\/wp-json\/wp\/v2\/types\/page"}],"author":[{"embeddable":true,"href":"https:\/\/deporvida.com.py\/index.php\/wp-json\/wp\/v2\/users\/1"}],"replies":[{"embeddable":true,"href":"https:\/\/deporvida.com.py\/index.php\/wp-json\/wp\/v2\/comments?post=524"}],"version-history":[{"count":30,"href":"https:\/\/deporvida.com.py\/index.php\/wp-json\/wp\/v2\/pages\/524\/revisions"}],"predecessor-version":[{"id":826,"href":"https:\/\/deporvida.com.py\/index.php\/wp-json\/wp\/v2\/pages\/524\/revisions\/826"}],"wp:attachment":[{"href":"https:\/\/deporvida.com.py\/index.php\/wp-json\/wp\/v2\/media?parent=524"}],"curies":[{"name":"wp","href":"https:\/\/api.w.org\/{rel}","templated":true}]}}